he tens digit of 817?
1
What is the tens digit of 25109?
0
What is the thousands digit of 23888?
3
What is the units digit of 9021?
1
What is the units digit of 4225?
5
What is the units digit of 2326?
6
What is the units digit of 14171?
1
What is the hundreds digit of 88799?
7
What is the hundreds digit of 3709?
7
What is the tens digit of 6896?
9
What is the thousands digit of 145552?
5
What is the thousands digit of 3123?
3
What is the hundreds digit of 7140?
1
What is the thousands digit of 3153?
3
What is the units digit of 6632?
2
What is the hundreds digit of 8787?
7
What is the tens digit of 401?
0
What is the tens digit of 213?
1
What is the thousands digit of 11593?
1
What is the tens digit of 34058?
5
What is the ten thousands digit of 40530?
4
What is the ten thousands digit of 24369?
2
What is the units digit of 3586?
6
What is the hundreds digit of 3699?
6
What is the hundreds digit of 2608?
6
What is the thousands digit of 26353?
6
What is the tens digit of 1125?
2
What is the hundreds digit of 14166?
1
What is the units digit of 6183?
3
What is the thousands digit of 3280?
3
What is the units digit of 3930?
0
What is the tens digit of 386?
8
What is the tens digit of 644?
4
What is the tens digit of 6255?
5
What is the ten thousands digit of 41367?
4
What is the units digit of 1644?
4
What is the units digit of 2775?
5
What is the hundreds digit of 10007?
0
What is the thousands digit of 2814?
2
What is the tens digit of 230?
3
What is the hundreds digit of 3424?
4
What is the tens digit of 7899?
9
What is the ten thousands digit of 30129?
3
What is the units digit of 18288?
8
What is the hundreds digit of 34076?
0
What is the thousands digit of 67871?
7
What is the ten thousands digit of 50595?
5
What is the hundreds digit of 7538?
5
What is the tens digit of 5512?
1
What is the tens digit of 3944?
4
What is the tens digit of 3479?
7
What is the units digit of 1197?
7
What is the ten thousands digit of 70946?
7
What is the hundreds digit of 3792?
7
What is the hundreds digit of 4652?
6
What is the tens digit of 16786?
8
What is the tens digit of 772?
7
What is the hundreds digit of 7603?
6
What is the tens digit of 811?
1
What is the tens digit of 60507?
0
What is the hundreds digit of 1268?
2
What is the hundreds digit of 5734?
7
What is the tens digit of 173764?
6
What is the tens digit of 17135?
3
What is the thousands digit of 6311?
6
What is the thousands digit of 32177?
2
What is the units digit of 1100?
0
What is the tens digit of 99345?
4
What is the units digit of 2235?
5
What is the tens digit of 32224?
2
What is the units digit of 220?
0
What is the hundreds digit of 11734?
7
What is the thousands digit of 4915?
4
What is the tens digit of 264?
6
What is the tens digit of 101?
0
What is the hundreds digit of 4702?
7
What is the ten thousands digit of 34932?
3
What is the thousands digit of 16807?
6
What is the ten thousands digit of 35878?
3
What is the tens digit of 5231?
3
What is the hundreds digit of 42762?
7
What is the units digit of 335?
5
What is the tens digit of 63713?
1
What is the units digit of 1392?
2
What is the tens digit of 21251?
5
What is the hundreds digit of 1042?
0
What is the thousands digit of 22433?
2
What is the thousands digit of 5721?
5
What is the units digit of 1473?
3
What is the tens digit of 8927?
2
What is the hundreds digit of 1334?
3
What is the tens digit of 101?
0
What is the hundreds digit of 5519?
5
What is the units digit of 30409?
9
What is the units digit of 1?
1
What is the hundreds digit of 84489?
4
What is the thousands digit of 1577?
1
What is the tens digit of 2978?
7
What is the units digit of 75935?
5
What is the units digit of 101206?
6
What is the tens digit of 506?
0
What is the tens digit of 35795?
9
What is the units digit of 7901?
1
What is the ten thousands digit of 31683?
3
What is the units digit of 998?
8
What is the thousands digit of 8117?
8
What is the units digit of 692?
2
What is the hundreds digit of 13423?
4
What is the hundreds digit of 37748?
7
What is the hundreds digit of 3045?
0
What is the units digit of 14171?
1
What is the ten thousands digit of 113650?
1
What is the units digit of 428?
8
What is the units digit of 2610?
0
What is the tens digit of 6492?
9
What is the hundreds digit of 1317?
3
What is the hundreds digit of 9710?
7
What is the hundreds digit of 559?
5
What is the thousands digit of 5746?
5
What is the hundreds digit of 653?
6
What is the hundreds digit of 2189?
1
What is the thousands digit of 10230?
0
What is the hundreds digit of 477?
4
What is the tens digit of 26679?
7
What is the ten thousands digit of 91303?
9
What is the tens digit of 1235?
3
What is the ten thousands digit of 16524?
1
What is the tens digit of 2640?
4
What is the ten thousands digit of 38906?
3
What is the tens digit of 456?
5
What is the hundreds digit of 1815?
8
What is the thousands digit of 2429?
2
What is the hundreds digit of 11334?
3
What is the thousands digit of 23841?
3
What is the units digit of 11045?
5
What is the hundreds digit of 4562?
5
What is the tens digit of 17186?
8
What is the hundreds digit of 7363?
3
What is the thousands digit of 1647?
1
What is the units digit of 80147?
7
What is the units digit of 6379?
9
What is the thousands digit of 11091?
1
What is the hundreds digit of 1011?
0
What is the thousands digit of 37423?
7
What is the hundreds digit of 112802?
8
What is the thousands digit of 1010?
1
What is the tens digit of 10004?
0
What is the units digit of 5221?
1
What is the units digit of 19514?
4
What is the units digit of 4413?
3
What is the units digit of 2287?
7
What is the ten thousands digit of 58573?
5
What is the units digit of 1203?
3
What is the units digit of 1131?
1
What is the ten thousands digit of 22865?
2
What is the units digit of 1178?
8
What is the ten thousands digit of 19168?
1
What is the thousands digit of 9183?
9
What is the units digit of 12251?
1
What is the tens digit of 730?
3
What is the units digit of 800?
0
What is the tens digit of 1519?
1
What is the units digit of 755?
5
What is the units digit of 168?
8
What is the thousands digit of 2741?
2
What is the tens digit of 1068?
6
What is the thousands digit of 10973?
0
What is the tens digit of 5515?
1
What is the units digit of 31314?
4
What is the thousands digit of 65369?
5
What is the units digit of 14443?
3
What is the units digit of 24679?
9
What is the thousands digit of 1397?
1
What is the tens digit of 890?
9
What is the thousands digit of 98218?
8
What is the tens digit of 4747?
4
What is the hundreds digit of 15786?
7
What is the units digit of 55579?
9
What is the hundreds digit of 940?
9
What is the units digit of 8859?
9
What is the ten thousands digit of 100491?
0
What is the hundreds digit of 3787?
7
What is the tens digit of 5735?
3
What is the hundreds digit of 1464?
4
What is the thousands digit of 206628?
6
What is the hundreds digit of 712?
7
What is the tens digit of 126808?
0
What is the hundreds digit of 1615?
6
What is the ten thousands digit of 11635?
1
What is the hundreds digit of 791?
7
What is the ten thousands digit of 20945?
2
What is the thousands digit of 3765?
3
What is the hundreds digit of 32964?
9
What is the ten thousands digit of 28547?
2
What is the thousands digit of 5042?
5
What is the thousands digit of 2587?
2
What is the tens digit of 2801?
0
What is the tens digit of 1790?
9
What is the units digit of 16790?
0
What is the tens digit of 7939?
3
What is the tens digit of 1539?
3
What is the hundreds digit of 41501?
5
What is the hundreds digit of 16479?
4
What is the units digit of 366?
6
What is the units digit of 6959?
9
What is the hundreds digit of 13032?
0
What is the units digit of 1309?
9
What is the hundreds digit of 1748?
7
What is the hundreds digit of 2881?
8
What is the units digit of 2078?
8
What is the hundreds digit of 4351?
3
What is the thousands digit of 2180?
2
What is the hundreds digit of 5315?
3
What is the tens digit of 2363?
6
What is the tens digit of 2985?
8
What is the tens digit of 483?
8
What is the thousands digit of 2305?
2
What is the hundreds digit of 2056?
0
What is the hundreds digit of 1003?
0
What is the thousands digit of 97547?
7
What is the tens digit o